o(y) = -2*y**3 + 21*y**2 - 13*y + 24. Give o(10).
-6
Let q(d) = -4*d - 56. What is q(-16)?
8
Let g(f) = 2*f**2 + 9*f + 13. Calculate g(-4).
9
Let h(t) = t**2 - 8*t - 19. What is h(8)?
-19
Let k(a) = 2*a**3 - 8*a**2 + 8*a. What is k(5)?
90
Let t(h) = h**2 - 2*h. What is t(3)?
3
Let f(s) = s**3 - 7*s**2 + 7*s - 2. Calculate f(6).
4
Let c(y) = -45*y + 57. Calculate c(1).
12
Let n(j) = -17*j + 10. Give n(-3).
61
Let c(k) = 10*k + 3. Calculate c(-6).
-57
Let a(o) = o**2 - 2*o - 11. What is a(0)?
-11
Let r(x) = -18*x + 26. Determine r(0).
26
Let r(p) = -p**2 - 7*p + 22. Calculate r(5).
-38
Let q(h) = h - 12. Calculate q(14).
2
Let z(g) = -g**2 - g + 11. Calculate z(-5).
-9
Let t(h) = h**3 - 2*h**2 - 7*h - 2. Calculate t(4).
2
Let a(c) = -3*c**2 - 61*c + 56. Calculate a(-21).
14
Let o(p) = -p**2 + 2*p + 13. Determine o(6).
-11
Let j(f) = f + 19. What is j(-9)?
10
Let a(f) = f**3 - 65*f**2 + 128*f - 125. Determine a(63).
1
Let w(x) = 4*x + 46. What is w(-10)?
6
Let t(a) = -a**3 + a**2 + 13. Calculate t(0).
13
Let q(a) = a**3 + 12*a**2 + 3*a + 5. Calculate q(-12).
-31
Let j(p) = 2*p + 4. Calculate j(-11).
-18
Let c(l) = l**3 - 9*l**2 + 8*l - 13. Give c(7).
-55
Let w(v) = -v**2 + 5*v - 8. Give w(9).
-44
Let o(x) = -x**2 - 6*x - 12. Determine o(-4).
-4
Let u(v) = -93*v - 369. Give u(-4).
3
Let u(t) = 2*t**3 + 9*t**2 + 5*t - 6. What is u(-3)?
6
Let w(z) = z**3 - 2*z**2 + 2*z - 26. Give w(0).
-26
Let t(u) = 11*u - 27. Determine t(7).
50
Let o(h) = h**3 - 11*h**2 + 18*h + 15. What is o(9)?
15
Let p(l) = -l**2 + 8*l - 11. Determine p(7).
-4
Let w(s) = s**3 - 4*s**2 + 2*s - 9. What is w(4)?
-1
Let b(h) = -h**2 + 7*h + 23. Calculate b(9).
5
Let p(a) = -a**2 - 21*a + 5. What is p(-21)?
5
Let z(s) = 3*s + 23. What is z(-6)?
5
Let j(m) = m**3 - 39*m**2 + 108*m + 6. What is j(36)?
6
Let k(n) = 28*n**2 - n + 2. Determine k(2).
112
Let y(v) = 7*v**3 - 23*v**2 + 12*v - 16. Determine y(3).
2
Let t(h) = h**2 - 2*h + 5. Determine t(6).
29
Let p(k) = -k**2 - 10*k + 3. Determine p(-5).
28
Let n(z) = -3*z**2 + 64*z. Determine n(21).
21
Let a(i) = -3*i**2 - 2*i + 3. Calculate a(1).
-2
Let v(f) = 7*f**3 + f**2 - 2*f + 1. Determine v(1).
7
Let m(f) = -15*f - 6. Determine m(-3).
39
Let z(l) = 21*l**2 + 4*l + 5. Give z(-1).
22
Let l(f) = 52*f - 57. What is l(1)?
-5
Let m(a) = -a**2 + 4*a + 4. Calculate m(6).
-8
Let y(f) = -f**3 + 3*f**2 - 3*f + 1. What is y(3)?
-8
Let a(w) = -2*w**2 + 10*w + 7. Determine a(5).
7
Let a(d) = -8*d + 1. What is a(3)?
-23
Let g(n) = 15*n - 2. Determine g(-5).
-77
Let i(s) = -5*s**3 + 5*s**2 + s - 3. Calculate i(4).
-239
Let r(q) = 2*q**2 + 45*q - 54. Calculate r(-24).
18
Let d(s) = s**3 - 7*s**2 - 12*s + 10. What is d(8)?
-22
Let o(a) = -3*a - 3. Determine o(-9).
24
Let y(t) = t**3 + 10*t**2 - 8*t - 41. What is y(-10)?
39
Let i(d) = d**3 + 2*d**2 - 14*d + 11. Determine i(-5).
6
Let a(y) = -7*y**2 - 38*y - 11. Give a(-5).
4
Let f(i) = 81*i + 1614. What is f(-20)?
-6
Let v(l) = l**2 + 16*l + 3. What is v(-16)?
3
Let l(y) = -y**3 + 11*y**2 - 14*y + 33. Determine l(8).
113
Let j(m) = m**3 - 7*m**2 + 2*m + 14. Calculate j(6).
-10
Let w(v) = 4*v + 19. What is w(-6)?
-5
Let o(s) = 3*s - 10. Give o(-13).
-49
Let d(k) = k**2 + 14*k - 40. What is d(-17)?
11
Let x(h) = h**2 - 8*h + 31. Calculate x(6).
19
Let d(h) = -2*h - 8. Calculate d(-2).
-4
Let d(j) = 2*j**2 - 23*j + 119. Calculate d(10).
89
Let n(g) = -g**3 - 18*g**2 - 15*g + 22. Determine n(-17).
-12
Let y(l) = 4*l - 3. Calculate y(15).
57
Let d(x) = -11*x + 156. Calculate d(16).
-20
Let f(j) = 8*j - 1. What is f(-10)?
-81
Let s(i) = -2*i**3 - 15*i**2 - 9*i - 2. What is s(-7)?
12
Let s(u) = -41*u**3 + 2*u**2 + 2*u + 1. Calculate s(-1).
42
Let h(j) = -j**3 - 10*j**2 - 12*j - 31. Give h(-9).
-4
Let p(w) = 7*w + 21. Determine p(-6).
-21
Let z(i) = -10*i + 4. What is z(2)?
-16
Let r(i) = -3*i**2 - 77*i - 47. What is r(-25)?
3
Let d(b) = b**2 - 11*b - 22. Determine d(11).
-22
Let l(f) = 17*f - 184. Give l(11).
3
Let u(h) = 2*h**2 - 22*h - 289. What is u(19)?
15
Let c(j) = j**2 - 7*j - 9. Calculate c(8).
-1
Let g(m) = 5*m - 38. Calculate g(-7).
-73
Let q(k) = 13*k - 9. What is q(4)?
43
Let z(h) = 10*h + 1. Determine z(6).
61
Let g(h) = -h**2 - 8*h - 2. What is g(-6)?
10
Let k(i) = i**2 - 19*i + 7. Give k(19).
7
Let s(l) = l**3 + 8*l**2 - 20*l + 9. What is s(-10)?
9
Let x(d) = -9*d - 24. Determine x(-2).
-6
Let k(s) = -2*s**2 + 57*s + 82. What is k(30)?
-8
Let y(b) = 15*b**2 - 6*b + 4. Determine y(1).
13
Let t(f) = -f**3 + 20*f**2 - 19*f + 1. Calculate t(19).
1
Let y(g) = -g**3 - 13*g**2 - 14*g - 12. Give y(-12).
12
Let l(x) = x**2 + 2*x - 20. Determine l(0).
-20
Let u(b) = 5*b**3 - b**2 - 2*b + 1. What is u(-2)?
-39
Let a(g) = -g**2 - 2*g + 2. What is a(8)?
-78
Let m(x) = -x - 17. Give m(-9).
-8
Let a(h) = h**3 + 8*h**2 - 2*h - 22. Give a(-8).
-6
Let f(g) = -g**3 + 5*g**2 - 18*g + 83. What is f(5)?
-7
Let d(n) = n**2 + 7*n + 11. Determine d(-6).
5
Let w(m) = m**3 - 19*m**2 - 17*m + 12. What is w(20)?
72
Let h(k) = 28*k + 356. What is h(-13)?
-8
Let y(b) = -4*b - 2. Determine y(6).
-26
Let b(n) = -n - 10. What is b(-6)?
-4
Let m(n) = -19*n - 14. Calculate m(-6).
100
Let d(y) = -y**2 + 6*y - 14. Calculate d(9).
-41
Let q(x) = 2*x**3 + 10*x**2 - 22*x - 8. Determine q(-6).
52
Let o(y) = -2*y**2 + 12*y + 6. What is o(6)?
6
Let f(l) = l**2 - 7*l - 4. What is f(8)?
4
Let y(r) = -r**3 + 11*r**2 + 13*r - 9. Calculate y(12).
3
Let h(r) = r**3 - 5*r**2 - 48*r - 22. Determine h(10).
-2
Let s(l) = l**3 - 3*l**2 + 10*l - 25. Give s(3).
5
Let k(p) = p**2 - 11*p - 5. Determine k(15).
55
Let n(z) = -26*z + 229. Give n(9).
-5
Let k(v) = 2*v**2 + v + 6. Give k(-2).
12
Let n(s) = s**3 - 9*s**2 + 7*s - 7. Give n(8).
-15
Let z(t) = -30*t + 16. Determine z(1).
-14
Let b(m) = m**2 + 5*m. Calculate b(-3).
-6
Let a(t) = -6*t + 7. Calculate a(-4).
31
Let u(f) = 6*f + 62. What is u(-10)?
2
Let v(o) = o**2 - 14*o - 69. Give v(18).
3
Let p(j) = -j**2 + 8*j - 9. Give p(4).
7
Let j(d) = -d**3 + 25*d**2 - 65*d - 24. Calculate j(22).
-2
Let k(p) = p**3 + 12*p**2 + 23*p + 18. Determine k(-10).
-12
Let h(s) = -29*s**3 - s**2 + 1. What is h(-1)?
29
Let v(p) = -14*p + 478. What is v(36)?
-26
Let x(p) = -13*p + 6. What is x(1)?
-7
Let b(o) = -3*o. Calculate b(2).
-6
Let c(m) = -m**3 - 4*m**2 + 31*m + 4. What is c(4)?
0
Let r(c) = -c**3 + 6*c**2 - 4*c + 3. Determine r(5).
8
Let h(n) = -7*n + 32. Calculate h(5).
-3
Let d(k) = -7*k + 55. What is d(7)?
6
Let i(n) = -26*n**2 + n. Determine i(-1).
-27
Let k(q) = -22*q**2 + q - 1. What is k(1)?
-22
Let h(r) = -r - 1. Determine h(-3).
2
Let p(t) = -t**2 - 18*t + 27. Give p(-20).
-13
Let k(w) = 28*w**2 - 2*w + 2. Calculate k(1).
28
Let t(v) = v**3 + 11*v**2 + 10*v - 1. Determine t(-10).
-1
Let f(q) = q + 7. What is f(-4)?
3
Let h(y) = y**2 - 1. Determine h(-2).
3
Let l(x) = 19*x - 9. Give l(8).
143
Let k(p) = 2*p + 11. What is k(-9)?
-7
Let w(f) = 2*f**3 - 23*f**2 - 13*f - 13. What is w(12)?
-25
Let u(o) = 5*o + 16. Give u(-5).
-9
Let t(l) = l**2 - 6*l - 1. Determine t(6).
-1
Let m(q) = -16*q**3 + q + 1. What is m(-1)?
16
Let j(m) = 2*m**2 + 2*m + 27. Determine j(0).
27
Let k(f) = -2*f - 2. What is k(5)?
-12
Let v(x) = x + 8. Calculate v(8).
16
Let x(b) = 24*b + 30. Give x(-5).
-90
Let n(p) = 2*p - 10. Determine n(8).
6
Let l(z) = z**2 - 10*z - 17. Give l(15).
58
Let q(w) = 9*w + 26. Give q(-4).
-10
Let j(t) = t**3 + t**2 - 3*t + 1. What is j(-2)?
3
Let v(w) = 34*w**3 + w**2 - w. Give v(1).
34
Let y(p) = p**3 - 7*p**2 + 10*p - 20. Calculate y(6).
4
Let v(g) = -3*g - 113. What is v(0)?
-113
Let m(n) = -n**3 - 4*n**2 - 4*n - 23. Calculate m(-4).
-7
Let t(h) = h**3 - 19*h**2 - 21*h + 14. Give t(20).
-6
Let v(k) = k**3 - 2*k**2 - 6*k + 4. What is v(4)?
12
Let y(t) = -61*t + 8. What is y(0)?
8
Let f(r) = -r**2 + 4*r + 2. What is f(5)?
-3
Let r(k) = -2*k**2 + 4*k - 5. What is r(6)?
-53
Let t(q) = -3*q + 37. Give t(8).
13
Let p(a) = 3*a**2 + 37*a + 38. What is p(-12)?
26
Let s(u) = 2*u**2 + 9*u + 10. What is s(-5)?
15
Let h(s) = s**2 + 29*s + 123. What is h(-24)?
3
Let r(g) = g**3 + 39*g**2 + 38*g - 10. Give r(-38).
-10
Let g(a) = 6*a + 47. Give g(-7).
5
Let b(i) = i**3 - 3*i**2 - 2*i + 1. Give b(3).
-5
Let t(k) = -k**3 + 10*k**2 - 10*k + 97. Give t(10).
-3
Let g(x) = 4*x + 3. Determine g(-12).
-45
Let d(a) =